Last updated on 2022-04-24 03:52:36 CEST.
Flavor | Version | Tinstall | Tcheck | Ttotal | Status | Flags |
---|---|---|---|---|---|---|
r-devel-linux-x86_64-debian-clang | 2.0.1 | 22.98 | 175.40 | 198.38 | OK | |
r-devel-linux-x86_64-debian-gcc | 2.0.1 | 18.79 | 125.96 | 144.75 | OK | |
r-devel-linux-x86_64-fedora-clang | 2.0.1 | 231.81 | NOTE | |||
r-devel-linux-x86_64-fedora-gcc | 2.0.1 | 215.37 | OK | |||
r-patched-linux-x86_64 | 2.0.1 | 22.32 | 162.98 | 185.30 | OK | |
r-release-linux-x86_64 | 2.0.1 | 15.03 | 157.67 | 172.70 | OK | |
r-release-macos-arm64 | 2.0.1 | OK | ||||
r-release-macos-x86_64 | 2.0.1 | OK | ||||
r-release-windows-x86_64 | 2.0.1 | 97.00 | 174.00 | 271.00 | OK | |
r-oldrel-macos-arm64 | 2.0.1 | OK | ||||
r-oldrel-macos-x86_64 | 2.0.1 | OK | ||||
r-oldrel-windows-ix86+x86_64 | 2.0.1 | 48.00 | 173.00 | 221.00 | OK |
Version: 2.0.1
Check: Rd cross-references
Result: NOTE
Undeclared package ‘psych’ in Rd xrefs
Flavor: r-devel-linux-x86_64-fedora-clang