Last updated on 2022-04-24 03:52:36 CEST.
Flavor | Version | Tinstall | Tcheck | Ttotal | Status | Flags |
---|---|---|---|---|---|---|
r-devel-linux-x86_64-debian-clang | 2.4 | 2.88 | 40.07 | 42.95 | NOTE | |
r-devel-linux-x86_64-debian-gcc | 2.4 | 1.98 | 30.98 | 32.96 | NOTE | |
r-devel-linux-x86_64-fedora-clang | 2.4 | 52.08 | NOTE | |||
r-devel-linux-x86_64-fedora-gcc | 2.4 | 40.13 | NOTE | |||
r-patched-linux-x86_64 | 2.4 | 2.20 | 38.74 | 40.94 | OK | |
r-release-linux-x86_64 | 2.4 | 2.27 | 38.42 | 40.69 | OK | |
r-release-macos-arm64 | 2.4 | OK | ||||
r-release-macos-x86_64 | 2.4 | OK | ||||
r-release-windows-x86_64 | 2.4 | 17.00 | 54.00 | 71.00 | OK | |
r-oldrel-macos-arm64 | 2.4 | OK | ||||
r-oldrel-macos-x86_64 | 2.4 | OK | ||||
r-oldrel-windows-ix86+x86_64 | 2.4 | 4.00 | 31.00 | 35.00 | OK |
Version: 2.4
Check: Rd files
Result: NOTE
checkRd: (7) file 'Gaussbound.Rd': \item in \value must have non-empty label
checkRd: (7) file 'logspec2cov.Rd': \item in \value must have non-empty label
Flavors: r-devel-linux-x86_64-debian-clang, r-devel-linux-x86_64-debian-gcc, r-devel-linux-x86_64-fedora-clang, r-devel-linux-x86_64-fedora-gcc