Last updated on 2022-04-24 03:52:36 CEST.
Flavor | Version | Tinstall | Tcheck | Ttotal | Status | Flags |
---|---|---|---|---|---|---|
r-devel-linux-x86_64-debian-clang | 1.3.3 | 3.86 | 46.50 | 50.36 | OK | |
r-devel-linux-x86_64-debian-gcc | 1.3.3 | 3.24 | 35.70 | 38.94 | OK | |
r-devel-linux-x86_64-fedora-clang | 1.3.3 | 63.88 | NOTE | |||
r-devel-linux-x86_64-fedora-gcc | 1.3.3 | 49.82 | NOTE | |||
r-patched-linux-x86_64 | 1.3.3 | 7.31 | 44.56 | 51.87 | OK | |
r-release-linux-x86_64 | 1.3.3 | 3.98 | 42.93 | 46.91 | OK | |
r-release-macos-arm64 | 1.3.3 | NOTE | ||||
r-release-macos-x86_64 | 1.3.3 | NOTE | ||||
r-release-windows-x86_64 | 1.3.3 | 18.00 | 68.00 | 86.00 | OK | |
r-oldrel-macos-arm64 | 1.3.3 | NOTE | ||||
r-oldrel-macos-x86_64 | 1.3.3 | NOTE | ||||
r-oldrel-windows-ix86+x86_64 | 1.3.3 | 8.00 | 51.00 | 59.00 | OK |
Version: 1.3.3
Check: dependencies in R code
Result: NOTE
Namespace in Imports field not imported from: ‘gWidgets2tcltk’
All declared Imports should be used.
Flavors: r-devel-linux-x86_64-fedora-clang, r-devel-linux-x86_64-fedora-gcc, r-release-macos-arm64, r-release-macos-x86_64, r-oldrel-macos-arm64, r-oldrel-macos-x86_64