Last updated on 2022-04-24 03:52:36 CEST.
Flavor | Version | Tinstall | Tcheck | Ttotal | Status | Flags |
---|---|---|---|---|---|---|
r-devel-linux-x86_64-debian-clang | 1.1.0 | 60.56 | 78.29 | 138.85 | OK | |
r-devel-linux-x86_64-debian-gcc | 1.1.0 | 49.76 | 57.37 | 107.13 | OK | |
r-devel-linux-x86_64-fedora-clang | 1.1.0 | 182.17 | OK | |||
r-devel-linux-x86_64-fedora-gcc | 1.1.0 | 163.29 | OK | |||
r-patched-linux-x86_64 | 1.1.0 | 53.68 | 72.75 | 126.43 | OK | |
r-release-linux-x86_64 | 1.1.0 | 44.93 | 71.69 | 116.62 | OK | |
r-release-macos-arm64 | 1.1.0 | NOTE | ||||
r-release-macos-x86_64 | 1.1.0 | WARN | --as-cran | |||
r-release-windows-x86_64 | 1.1.0 | 62.00 | 114.00 | 176.00 | OK | |
r-oldrel-macos-arm64 | 1.1.0 | NOTE | ||||
r-oldrel-macos-x86_64 | 1.1.0 | WARN | --as-cran | |||
r-oldrel-windows-ix86+x86_64 | 1.1.0 | 129.00 | 125.00 | 254.00 | OK |
Version: 1.1.0
Check: installed package size
Result: NOTE
installed size is 8.2Mb
sub-directories of 1Mb or more:
libs 8.0Mb
Flavors: r-release-macos-arm64, r-oldrel-macos-arm64
Version: 1.1.0
Flags: --as-cran
Check: CRAN incoming feasibility
Result: WARN
Maintainer: ‘Katherine A. L. Valeriano <katandreina@gmail.com>’
Insufficient package version (submitted: 1.1.0, existing: 1.1.0)
Days since last update: 1
Flavors: r-release-macos-x86_64, r-oldrel-macos-x86_64
Version: 1.1.0
Flags: --as-cran
Check: installed package size
Result: NOTE
installed size is 6.5Mb
sub-directories of 1Mb or more:
libs 6.4Mb
Flavors: r-release-macos-x86_64, r-oldrel-macos-x86_64
Version: 1.1.0
Flags: --as-cran
Check: top-level files
Result: NOTE
Files ‘README.md’ or ‘NEWS.md’ cannot be checked without ‘pandoc’ being installed.
Flavors: r-release-macos-x86_64, r-oldrel-macos-x86_64