Last updated on 2022-04-24 03:52:36 CEST.
Flavor | Version | Tinstall | Tcheck | Ttotal | Status | Flags |
---|---|---|---|---|---|---|
r-devel-linux-x86_64-debian-clang | 2.1.2 | 3.73 | 50.64 | 54.37 | NOTE | |
r-devel-linux-x86_64-debian-gcc | 2.1.2 | 3.42 | 37.71 | 41.13 | NOTE | |
r-devel-linux-x86_64-fedora-clang | 2.1.2 | 64.82 | NOTE | |||
r-devel-linux-x86_64-fedora-gcc | 2.1.2 | 52.94 | NOTE | |||
r-patched-linux-x86_64 | 2.1.2 | 3.67 | 47.65 | 51.32 | NOTE | |
r-release-linux-x86_64 | 2.1.2 | 2.93 | 45.39 | 48.32 | NOTE | |
r-release-macos-arm64 | 2.1.2 | NOTE | ||||
r-release-macos-x86_64 | 2.1.2 | NOTE | ||||
r-release-windows-x86_64 | 2.1.2 | 16.00 | 65.00 | 81.00 | NOTE | |
r-oldrel-macos-arm64 | 2.1.2 | NOTE | ||||
r-oldrel-macos-x86_64 | 2.1.2 | NOTE | ||||
r-oldrel-windows-ix86+x86_64 | 2.1.2 | 10.00 | 56.00 | 66.00 | NOTE |
Version: 2.1.2
Check: LazyData
Result: NOTE
'LazyData' is specified without a 'data' directory
Flavors: r-devel-linux-x86_64-debian-clang, r-devel-linux-x86_64-debian-gcc, r-devel-linux-x86_64-fedora-clang, r-devel-linux-x86_64-fedora-gcc, r-patched-linux-x86_64, r-release-linux-x86_64, r-release-macos-arm64, r-release-macos-x86_64, r-release-windows-x86_64, r-oldrel-macos-arm64, r-oldrel-macos-x86_64, r-oldrel-windows-ix86+x86_64
Version: 2.1.2
Check: Rd cross-references
Result: NOTE
Undeclared package ‘magrittr’ in Rd xrefs
Flavor: r-devel-linux-x86_64-fedora-clang