Last updated on 2022-04-24 03:52:36 CEST.
Flavor | Version | Tinstall | Tcheck | Ttotal | Status | Flags |
---|---|---|---|---|---|---|
r-devel-linux-x86_64-debian-clang | 0.1.0 | 5.79 | 58.01 | 63.80 | NOTE | |
r-devel-linux-x86_64-debian-gcc | 0.1.0 | 4.55 | 43.53 | 48.08 | NOTE | |
r-devel-linux-x86_64-fedora-clang | 0.1.0 | 75.74 | NOTE | |||
r-devel-linux-x86_64-fedora-gcc | 0.1.0 | 63.21 | NOTE | |||
r-patched-linux-x86_64 | 0.1.0 | 4.19 | 54.00 | 58.19 | NOTE | |
r-release-linux-x86_64 | 0.1.0 | 3.99 | 52.88 | 56.87 | NOTE | |
r-release-macos-arm64 | 0.1.0 | NOTE | ||||
r-release-macos-x86_64 | 0.1.0 | NOTE | ||||
r-release-windows-x86_64 | 0.1.0 | 22.00 | 76.00 | 98.00 | NOTE | |
r-oldrel-macos-arm64 | 0.1.0 | NOTE | ||||
r-oldrel-macos-x86_64 | 0.1.0 | NOTE | ||||
r-oldrel-windows-ix86+x86_64 | 0.1.0 | 11.00 | 61.00 | 72.00 | NOTE |
Version: 0.1.0
Check: LazyData
Result: NOTE
'LazyData' is specified without a 'data' directory
Flavors: r-devel-linux-x86_64-debian-clang, r-devel-linux-x86_64-debian-gcc, r-devel-linux-x86_64-fedora-clang, r-devel-linux-x86_64-fedora-gcc, r-patched-linux-x86_64, r-release-linux-x86_64, r-release-macos-arm64, r-release-macos-x86_64, r-release-windows-x86_64, r-oldrel-macos-arm64, r-oldrel-macos-x86_64, r-oldrel-windows-ix86+x86_64