Last updated on 2022-04-24 03:52:36 CEST.
Flavor | Version | Tinstall | Tcheck | Ttotal | Status | Flags |
---|---|---|---|---|---|---|
r-devel-linux-x86_64-debian-clang | 0.1.0 | 2.44 | 30.62 | 33.06 | OK | |
r-devel-linux-x86_64-debian-gcc | 0.1.0 | 2.27 | 24.11 | 26.38 | OK | |
r-devel-linux-x86_64-fedora-clang | 0.1.0 | 41.52 | NOTE | |||
r-devel-linux-x86_64-fedora-gcc | 0.1.0 | 30.70 | NOTE | |||
r-patched-linux-x86_64 | 0.1.0 | 3.49 | 29.82 | 33.31 | OK | |
r-release-linux-x86_64 | 0.1.0 | 3.37 | 29.25 | 32.62 | OK | |
r-release-macos-arm64 | 0.1.0 | NOTE | ||||
r-release-macos-x86_64 | 0.1.0 | NOTE | ||||
r-release-windows-x86_64 | 0.1.0 | 20.00 | 46.00 | 66.00 | OK | |
r-oldrel-macos-arm64 | 0.1.0 | NOTE | ||||
r-oldrel-macos-x86_64 | 0.1.0 | NOTE | ||||
r-oldrel-windows-ix86+x86_64 | 0.1.0 | 6.00 | 27.00 | 33.00 | OK |
Version: 0.1.0
Check: data for non-ASCII characters
Result: NOTE
Note: found 6034 marked UTF-8 strings
Flavors: r-devel-linux-x86_64-fedora-clang, r-devel-linux-x86_64-fedora-gcc, r-release-macos-arm64, r-release-macos-x86_64, r-oldrel-macos-arm64, r-oldrel-macos-x86_64