Last updated on 2022-04-24 03:52:36 CEST.
Flavor | Version | Tinstall | Tcheck | Ttotal | Status | Flags |
---|---|---|---|---|---|---|
r-devel-linux-x86_64-debian-clang | 1.2.3 | 21.92 | 53.07 | 74.99 | OK | |
r-devel-linux-x86_64-debian-gcc | 1.2.3 | 17.98 | 41.15 | 59.13 | OK | |
r-devel-linux-x86_64-fedora-clang | 1.2.3 | 101.37 | OK | |||
r-devel-linux-x86_64-fedora-gcc | 1.2.3 | 84.11 | OK | |||
r-patched-linux-x86_64 | 1.2.3 | 19.23 | 52.25 | 71.48 | OK | |
r-release-linux-x86_64 | 1.2.3 | 17.97 | 50.82 | 68.79 | OK | |
r-release-macos-arm64 | 1.2.3 | OK | ||||
r-release-macos-x86_64 | 1.2.3 | OK | ||||
r-release-windows-x86_64 | 1.2.3 | 34.00 | 90.00 | 124.00 | OK | |
r-oldrel-macos-arm64 | 1.2.3 | OK | ||||
r-oldrel-macos-x86_64 | 1.2.3 | OK | ||||
r-oldrel-windows-ix86+x86_64 | 1.2.3 | 56.00 | 89.00 | 145.00 | NOTE |
Version: 1.2.3
Check: installed package size
Result: NOTE
installed size is 5.4Mb
sub-directories of 1Mb or more:
data 2.4Mb
libs 2.1Mb
Flavor: r-oldrel-windows-ix86+x86_64