Last updated on 2022-04-24 03:52:36 CEST.
Flavor | Version | Tinstall | Tcheck | Ttotal | Status | Flags |
---|---|---|---|---|---|---|
r-devel-linux-x86_64-debian-clang | 3.4 | 153.21 | 50.42 | 203.63 | OK | |
r-devel-linux-x86_64-debian-gcc | 3.4 | 148.06 | 37.98 | 186.04 | OK | |
r-devel-linux-x86_64-fedora-clang | 3.4 | 334.42 | NOTE | |||
r-devel-linux-x86_64-fedora-gcc | 3.4 | 290.02 | NOTE | |||
r-patched-linux-x86_64 | 3.4 | 154.96 | 47.22 | 202.18 | OK | |
r-release-linux-x86_64 | 3.4 | 152.71 | 48.28 | 200.99 | OK | |
r-release-macos-arm64 | 3.4 | NOTE | ||||
r-release-macos-x86_64 | 3.4 | NOTE | ||||
r-release-windows-x86_64 | 3.4 | 144.00 | 92.00 | 236.00 | OK | |
r-oldrel-macos-arm64 | 3.4 | NOTE | ||||
r-oldrel-macos-x86_64 | 3.4 | NOTE | ||||
r-oldrel-windows-ix86+x86_64 | 3.4 | 387.00 | 94.00 | 481.00 | OK |
Version: 3.4
Check: installed package size
Result: NOTE
installed size is 9.5Mb
sub-directories of 1Mb or more:
libs 9.3Mb
Flavors: r-devel-linux-x86_64-fedora-clang, r-release-macos-arm64, r-release-macos-x86_64, r-oldrel-macos-arm64, r-oldrel-macos-x86_64
Version: 3.4
Check: compiled code
Result: NOTE
File ‘repolr/libs/repolr.so’:
Found no calls to: ‘R_registerRoutines’, ‘R_useDynamicSymbols’
It is good practice to register native routines and to disable symbol
search.
See ‘Writing portable packages’ in the ‘Writing R Extensions’ manual.
Flavors: r-devel-linux-x86_64-fedora-clang, r-devel-linux-x86_64-fedora-gcc