Last updated on 2022-04-24 03:52:36 CEST.
Flavor | Version | Tinstall | Tcheck | Ttotal | Status | Flags |
---|---|---|---|---|---|---|
r-devel-linux-x86_64-debian-clang | 1.3.0 | 2.15 | 1222.18 | 1224.33 | ERROR | |
r-devel-linux-x86_64-debian-gcc | 1.3.0 | 1.66 | 26.06 | 27.72 | OK | |
r-devel-linux-x86_64-fedora-clang | 1.3.0 | 43.78 | OK | |||
r-devel-linux-x86_64-fedora-gcc | 1.3.0 | 42.30 | OK | |||
r-patched-linux-x86_64 | 1.3.0 | 2.77 | 32.93 | 35.70 | OK | |
r-release-linux-x86_64 | 1.3.0 | 1.79 | 32.36 | 34.15 | OK | |
r-release-macos-arm64 | 1.3.0 | OK | ||||
r-release-macos-x86_64 | 1.3.0 | OK | ||||
r-release-windows-x86_64 | 1.3.0 | 11.00 | 61.00 | 72.00 | OK | |
r-oldrel-macos-arm64 | 1.3.0 | OK | ||||
r-oldrel-macos-x86_64 | 1.3.0 | OK | ||||
r-oldrel-windows-ix86+x86_64 | 1.3.0 | 5.00 | 41.00 | 46.00 | OK |
Version: 1.3.0
Check: tests
Result: ERROR
Running 'testthat.R' [20m/24m]
Running the tests in 'tests/testthat.R' failed.
Complete output:
> library(testthat)
> library(reportr)
>
> test_check("reportr")
Killed
Flavor: r-devel-linux-x86_64-debian-clang