Last updated on 2022-04-24 03:52:36 CEST.
Flavor | Version | Tinstall | Tcheck | Ttotal | Status | Flags |
---|---|---|---|---|---|---|
r-devel-linux-x86_64-debian-clang | 1.1.4 | 5.12 | 60.49 | 65.61 | OK | |
r-devel-linux-x86_64-debian-gcc | 1.1.4 | 4.01 | 45.22 | 49.23 | OK | |
r-devel-linux-x86_64-fedora-clang | 1.1.4 | 77.60 | NOTE | |||
r-devel-linux-x86_64-fedora-gcc | 1.1.4 | 130.28 | OK | |||
r-patched-linux-x86_64 | 1.1.4 | 4.77 | 55.95 | 60.72 | OK | |
r-release-linux-x86_64 | 1.1.4 | 5.32 | 56.09 | 61.41 | OK | |
r-release-macos-arm64 | 1.1.4 | OK | ||||
r-release-macos-x86_64 | 1.1.4 | OK | ||||
r-release-windows-x86_64 | 1.1.4 | 23.00 | 77.00 | 100.00 | OK | |
r-oldrel-macos-arm64 | 1.1.4 | OK | ||||
r-oldrel-macos-x86_64 | 1.1.4 | OK | ||||
r-oldrel-windows-ix86+x86_64 | 1.1.4 | 13.00 | 64.00 | 77.00 | OK |
Version: 1.1.4
Check: Rd cross-references
Result: NOTE
Undeclared package ‘ggplot2’ in Rd xrefs
Flavor: r-devel-linux-x86_64-fedora-clang