Last updated on 2022-04-24 03:52:36 CEST.
Flavor | Version | Tinstall | Tcheck | Ttotal | Status | Flags |
---|---|---|---|---|---|---|
r-devel-linux-x86_64-debian-clang | 0.1.3 | 47.99 | 279.66 | 327.65 | WARN | |
r-devel-linux-x86_64-debian-gcc | 0.1.3 | 40.64 | 195.62 | 236.26 | OK | |
r-devel-linux-x86_64-fedora-clang | 0.1.3 | 397.06 | WARN | |||
r-devel-linux-x86_64-fedora-gcc | 0.1.3 | 372.58 | OK | |||
r-patched-linux-x86_64 | 0.1.3 | 40.23 | 261.85 | 302.08 | OK | |
r-release-linux-x86_64 | 0.1.3 | 41.00 | 257.20 | 298.20 | OK | |
r-release-macos-arm64 | 0.1.3 | OK | ||||
r-release-macos-x86_64 | 0.1.3 | OK | ||||
r-release-windows-x86_64 | 0.1.3 | 62.00 | 293.00 | 355.00 | OK | |
r-oldrel-macos-arm64 | 0.1.3 | OK | ||||
r-oldrel-macos-x86_64 | 0.1.3 | OK | ||||
r-oldrel-windows-ix86+x86_64 | 0.1.3 | 113.00 | 312.00 | 425.00 | OK |
Version: 0.1.3
Check: whether package can be installed
Result: WARN
Found the following significant warnings:
within_category_compare.cpp:52:21: warning: use of bitwise '|' with boolean operands [-Wbitwise-instead-of-logical]
Flavors: r-devel-linux-x86_64-debian-clang, r-devel-linux-x86_64-fedora-clang