Last updated on 2022-04-24 03:52:36 CEST.
Flavor | Version | Tinstall | Tcheck | Ttotal | Status | Flags |
---|---|---|---|---|---|---|
r-devel-linux-x86_64-debian-clang | 1.0.0 | 4.77 | 59.67 | 64.44 | OK | |
r-devel-linux-x86_64-debian-gcc | 1.0.0 | 3.93 | 45.37 | 49.30 | OK | |
r-devel-linux-x86_64-fedora-clang | 1.0.0 | 78.00 | NOTE | |||
r-devel-linux-x86_64-fedora-gcc | 1.0.0 | 66.08 | NOTE | |||
r-patched-linux-x86_64 | 1.0.0 | 4.52 | 56.25 | 60.77 | OK | |
r-release-linux-x86_64 | 1.0.0 | 4.97 | 56.37 | 61.34 | OK | |
r-release-macos-arm64 | 1.0.0 | NOTE | ||||
r-release-macos-x86_64 | 1.0.0 | NOTE | ||||
r-release-windows-x86_64 | 1.0.0 | 31.00 | 79.00 | 110.00 | OK | |
r-oldrel-macos-arm64 | 1.0.0 | NOTE | ||||
r-oldrel-macos-x86_64 | 1.0.0 | NOTE | ||||
r-oldrel-windows-ix86+x86_64 | 1.0.0 | 10.00 | 67.00 | 77.00 | OK |
Version: 1.0.0
Check: data for non-ASCII characters
Result: NOTE
Note: found 25 marked UTF-8 strings
Flavors: r-devel-linux-x86_64-fedora-clang, r-devel-linux-x86_64-fedora-gcc, r-release-macos-arm64, r-release-macos-x86_64, r-oldrel-macos-arm64, r-oldrel-macos-x86_64