Last updated on 2022-04-24 03:52:36 CEST.
Flavor | Version | Tinstall | Tcheck | Ttotal | Status | Flags |
---|---|---|---|---|---|---|
r-devel-linux-x86_64-debian-clang | 1.0.0.1 | 1.55 | 31.33 | 32.88 | NOTE | |
r-devel-linux-x86_64-debian-gcc | 1.0.0.1 | 1.50 | 24.80 | 26.30 | NOTE | |
r-devel-linux-x86_64-fedora-clang | 1.0.0.1 | 41.82 | NOTE | |||
r-devel-linux-x86_64-fedora-gcc | 1.0.0.1 | 30.51 | NOTE | |||
r-patched-linux-x86_64 | 1.0.0.1 | 1.57 | 30.78 | 32.35 | NOTE | |
r-release-linux-x86_64 | 1.0.0.1 | 1.71 | 29.96 | 31.67 | NOTE | |
r-release-macos-arm64 | 1.0.0.1 | NOTE | ||||
r-release-macos-x86_64 | 1.0.0.1 | NOTE | ||||
r-release-windows-x86_64 | 1.0.0.1 | 23.00 | 50.00 | 73.00 | NOTE | |
r-oldrel-macos-arm64 | 1.0.0.1 | NOTE | ||||
r-oldrel-macos-x86_64 | 1.0.0.1 | NOTE | ||||
r-oldrel-windows-ix86+x86_64 | 1.0.0.1 | 5.00 | 36.00 | 41.00 | NOTE |
Version: 1.0.0.1
Check: LazyData
Result: NOTE
'LazyData' is specified without a 'data' directory
Flavors: r-devel-linux-x86_64-debian-clang, r-devel-linux-x86_64-debian-gcc, r-devel-linux-x86_64-fedora-clang, r-devel-linux-x86_64-fedora-gcc, r-patched-linux-x86_64, r-release-linux-x86_64, r-release-macos-arm64, r-release-macos-x86_64, r-release-windows-x86_64, r-oldrel-macos-arm64, r-oldrel-macos-x86_64, r-oldrel-windows-ix86+x86_64