Last updated on 2022-04-24 03:52:36 CEST.
Flavor | Version | Tinstall | Tcheck | Ttotal | Status | Flags |
---|---|---|---|---|---|---|
r-devel-linux-x86_64-debian-clang | 0.4 | 3.18 | 45.16 | 48.34 | NOTE | |
r-devel-linux-x86_64-debian-gcc | 0.4 | 2.44 | 33.63 | 36.07 | NOTE | |
r-devel-linux-x86_64-fedora-clang | 0.4 | 57.37 | NOTE | |||
r-devel-linux-x86_64-fedora-gcc | 0.4 | 45.21 | NOTE | |||
r-patched-linux-x86_64 | 0.4 | 3.78 | 42.21 | 45.99 | NOTE | |
r-release-linux-x86_64 | 0.4 | 2.17 | 42.04 | 44.21 | NOTE | |
r-release-macos-arm64 | 0.4 | NOTE | ||||
r-release-macos-x86_64 | 0.4 | NOTE | ||||
r-release-windows-x86_64 | 0.4 | 23.00 | 61.00 | 84.00 | NOTE | |
r-oldrel-macos-arm64 | 0.4 | NOTE | ||||
r-oldrel-macos-x86_64 | 0.4 | NOTE | ||||
r-oldrel-windows-ix86+x86_64 | 0.4 | 7.00 | 39.00 | 46.00 | NOTE |
Version: 0.4
Check: R code for possible problems
Result: NOTE
.resampleMakeFunction: no visible global function definition for 'is'
.resampleSetSeed: no visible global function definition for 'runif'
CI.bca: no visible global function definition for 'is'
CI.bca: no visible global function definition for 'qnorm'
CI.bca: no visible global function definition for 'pnorm'
CI.t: no visible global function definition for 'qt'
ExpandProbs: no visible global function definition for 'pnorm'
ExpandProbs: no visible global function definition for 'qt'
colVars : f: no visible global function definition for 'var'
colVars: no visible global function definition for 'var'
hist.resample: no visible global function definition for 'density'
hist.resample: no visible global function definition for 'lines'
hist.resample: no visible global function definition for 'points'
hist.resample: no visible global function definition for 'approx'
hist.resample: no visible global function definition for 'segments'
resample: no visible global function definition for 'is'
samp.bootknife: no visible global function definition for 'runif'
samp.bootstrap: no visible global function definition for 'runif'
Undefined global functions or variables:
approx density is lines pnorm points qnorm qt runif segments var
Consider adding
importFrom("graphics", "lines", "points", "segments")
importFrom("methods", "is")
importFrom("stats", "approx", "density", "pnorm", "qnorm", "qt",
"runif", "var")
to your NAMESPACE file (and ensure that your DESCRIPTION Imports field
contains 'methods').
Flavors: r-devel-linux-x86_64-debian-clang, r-devel-linux-x86_64-debian-gcc, r-devel-linux-x86_64-fedora-clang, r-devel-linux-x86_64-fedora-gcc, r-patched-linux-x86_64, r-release-linux-x86_64, r-release-macos-arm64, r-release-macos-x86_64, r-release-windows-x86_64, r-oldrel-macos-arm64, r-oldrel-macos-x86_64, r-oldrel-windows-ix86+x86_64