Last updated on 2022-04-24 03:52:36 CEST.
Flavor | Version | Tinstall | Tcheck | Ttotal | Status | Flags |
---|---|---|---|---|---|---|
r-devel-linux-x86_64-debian-clang | 2.1.2 | 81.82 | 311.10 | 392.92 | OK | |
r-devel-linux-x86_64-debian-gcc | 2.1.2 | 69.25 | 240.47 | 309.72 | OK | |
r-devel-linux-x86_64-fedora-clang | 2.1.2 | 511.57 | NOTE | |||
r-devel-linux-x86_64-fedora-gcc | 2.1.2 | 475.65 | OK | |||
r-patched-linux-x86_64 | 2.1.2 | 72.12 | 309.65 | 381.77 | OK | |
r-release-linux-x86_64 | 2.1.2 | 68.36 | 297.84 | 366.20 | OK | |
r-release-macos-arm64 | 2.1.2 | NOTE | ||||
r-release-macos-x86_64 | 2.1.2 | NOTE | ||||
r-release-windows-x86_64 | 2.1.2 | 109.00 | 369.00 | 478.00 | OK | |
r-oldrel-macos-arm64 | 2.1.2 | NOTE | ||||
r-oldrel-macos-x86_64 | 2.1.2 | NOTE | ||||
r-oldrel-windows-ix86+x86_64 | 2.1.2 | 175.00 | 418.00 | 593.00 | NOTE |
Version: 2.1.2
Check: installed package size
Result: NOTE
installed size is 6.9Mb
sub-directories of 1Mb or more:
doc 1.8Mb
libs 4.5Mb
Flavors: r-devel-linux-x86_64-fedora-clang, r-release-macos-arm64, r-release-macos-x86_64, r-oldrel-macos-arm64, r-oldrel-macos-x86_64, r-oldrel-windows-ix86+x86_64