Last updated on 2022-04-24 03:52:36 CEST.
Flavor | Version | Tinstall | Tcheck | Ttotal | Status | Flags |
---|---|---|---|---|---|---|
r-devel-linux-x86_64-debian-clang | 0.2.0.9 | 8.71 | 40.92 | 49.63 | OK | |
r-devel-linux-x86_64-debian-gcc | 0.2.0.9 | 5.98 | 31.45 | 37.43 | OK | |
r-devel-linux-x86_64-fedora-clang | 0.2.0.9 | 62.00 | OK | |||
r-devel-linux-x86_64-fedora-gcc | 0.2.0.9 | 49.48 | OK | |||
r-patched-linux-x86_64 | 0.2.0.9 | 8.72 | 39.65 | 48.37 | OK | |
r-release-linux-x86_64 | 0.2.0.9 | 7.72 | 38.99 | 46.71 | OK | |
r-release-macos-arm64 | 0.2.0.9 | OK | ||||
r-release-macos-x86_64 | 0.2.0.9 | WARN | --as-cran | |||
r-release-windows-x86_64 | 0.2.0.9 | 42.00 | 64.00 | 106.00 | OK | |
r-oldrel-macos-arm64 | 0.2.0.9 | OK | ||||
r-oldrel-macos-x86_64 | 0.2.0.9 | WARN | --as-cran | |||
r-oldrel-windows-ix86+x86_64 | 0.2.0.9 | 28.00 | 54.00 | 82.00 | OK |
Version: 0.2.0.9
Flags: --as-cran
Check: CRAN incoming feasibility
Result: WARN
Maintainer: ‘A. Bradley Duthie <brad.duthie@gmail.com>’
Insufficient package version (submitted: 0.2.0.9, existing: 0.2.0.9)
Days since last update: 1
Flavors: r-release-macos-x86_64, r-oldrel-macos-x86_64
Version: 0.2.0.9
Flags: --as-cran
Check: top-level files
Result: NOTE
Files ‘README.md’ or ‘NEWS.md’ cannot be checked without ‘pandoc’ being installed.
Flavors: r-release-macos-x86_64, r-oldrel-macos-x86_64