Last updated on 2022-04-24 03:52:36 CEST.
Flavor | Version | Tinstall | Tcheck | Ttotal | Status | Flags |
---|---|---|---|---|---|---|
r-devel-linux-x86_64-debian-clang | 0.0.13 | 13.43 | 92.65 | 106.08 | NOTE | --no-tests |
r-devel-linux-x86_64-debian-gcc | 0.0.13 | 9.52 | 68.84 | 78.36 | NOTE | --no-tests |
r-devel-linux-x86_64-fedora-clang | 0.0.13 | 126.21 | NOTE | --no-tests | ||
r-devel-linux-x86_64-fedora-gcc | 0.0.13 | 113.30 | NOTE | --no-tests | ||
r-patched-linux-x86_64 | 0.0.13 | 15.29 | 86.89 | 102.18 | NOTE | --no-tests |
r-release-linux-x86_64 | 0.0.13 | 11.11 | 80.36 | 91.47 | NOTE | --no-tests |
r-release-macos-arm64 | 0.0.13 | OK | ||||
r-release-macos-x86_64 | 0.0.13 | OK | ||||
r-release-windows-x86_64 | 0.0.13 | 58.00 | 67.00 | 125.00 | OK | --no-examples --no-tests --no-vignettes |
r-oldrel-macos-arm64 | 0.0.13 | OK | ||||
r-oldrel-macos-x86_64 | 0.0.13 | OK | ||||
r-oldrel-windows-ix86+x86_64 | 0.0.13 | 27.00 | 109.00 | 136.00 | OK | --no-examples --no-tests --no-vignettes |
Version: 0.0.13
Flags: --no-tests
Check: package dependencies
Result: NOTE
Package suggested but not available for checking: 'rsolr'
Flavors: r-devel-linux-x86_64-debian-clang, r-devel-linux-x86_64-debian-gcc, r-devel-linux-x86_64-fedora-clang, r-devel-linux-x86_64-fedora-gcc, r-patched-linux-x86_64, r-release-linux-x86_64
Version: 0.0.13
Flags: --no-tests
Check: Rd files
Result: NOTE
checkRd: (7) file 'Credentials-class.Rd': \item in \describe must have non-empty label
checkRd: (7) file 'Media-class.Rd': \item in \describe must have non-empty label
checkRd: (7) file 'RestContainer-class.Rd': \item in \describe must have non-empty label
checkRd: (7) file 'RestUri-class.Rd': \item in \describe must have non-empty label
Flavors: r-devel-linux-x86_64-debian-clang, r-devel-linux-x86_64-debian-gcc, r-devel-linux-x86_64-fedora-clang, r-devel-linux-x86_64-fedora-gcc