Last updated on 2022-04-24 03:52:36 CEST.
Flavor | Version | Tinstall | Tcheck | Ttotal | Status | Flags |
---|---|---|---|---|---|---|
r-devel-linux-x86_64-debian-clang | 1.0 | 2.96 | 43.15 | 46.11 | OK | |
r-devel-linux-x86_64-debian-gcc | 1.0 | 2.03 | 31.97 | 34.00 | OK | |
r-devel-linux-x86_64-fedora-clang | 1.0 | 55.55 | NOTE | |||
r-devel-linux-x86_64-fedora-gcc | 1.0 | 44.05 | NOTE | |||
r-patched-linux-x86_64 | 1.0 | 2.76 | 42.13 | 44.89 | OK | |
r-release-linux-x86_64 | 1.0 | 2.13 | 41.98 | 44.11 | OK | |
r-release-macos-arm64 | 1.0 | OK | ||||
r-release-macos-x86_64 | 1.0 | OK | ||||
r-release-windows-x86_64 | 1.0 | 24.00 | 55.00 | 79.00 | OK | |
r-oldrel-macos-arm64 | 1.0 | OK | ||||
r-oldrel-macos-x86_64 | 1.0 | OK | ||||
r-oldrel-windows-ix86+x86_64 | 1.0 | 7.00 | 70.00 | 77.00 | OK |
Version: 1.0
Check: compiled code
Result: NOTE
File ‘restrictedMVN/libs/restrictedMVN.so’:
Found no calls to: ‘R_registerRoutines’, ‘R_useDynamicSymbols’
It is good practice to register native routines and to disable symbol
search.
See ‘Writing portable packages’ in the ‘Writing R Extensions’ manual.
Flavors: r-devel-linux-x86_64-fedora-clang, r-devel-linux-x86_64-fedora-gcc