Last updated on 2022-04-24 03:52:36 CEST.
Flavor | Version | Tinstall | Tcheck | Ttotal | Status | Flags |
---|---|---|---|---|---|---|
r-devel-linux-x86_64-debian-clang | 0.2.2 | 78.35 | 12.49 | 90.84 | ERROR | |
r-devel-linux-x86_64-debian-gcc | 0.2.2 | 71.34 | 52.90 | 124.24 | OK | |
r-devel-linux-x86_64-fedora-clang | 0.2.2 | 207.96 | NOTE | |||
r-devel-linux-x86_64-fedora-gcc | 0.2.2 | 189.95 | OK | |||
r-patched-linux-x86_64 | 0.2.2 | 63.98 | 68.05 | 132.03 | OK | |
r-release-linux-x86_64 | 0.2.2 | 67.78 | 67.57 | 135.35 | OK | |
r-release-macos-arm64 | 0.2.2 | NOTE | ||||
r-release-macos-x86_64 | 0.2.2 | NOTE | ||||
r-release-windows-x86_64 | 0.2.2 | 115.00 | 102.00 | 217.00 | NOTE | |
r-oldrel-macos-arm64 | 0.2.2 | NOTE | ||||
r-oldrel-macos-x86_64 | 0.2.2 | NOTE | ||||
r-oldrel-windows-ix86+x86_64 | 0.2.2 | 164.00 | 87.00 | 251.00 | NOTE |
Version: 0.2.2
Check: whether package can be installed
Result: ERROR
Installation failed.
Flavor: r-devel-linux-x86_64-debian-clang
Version: 0.2.2
Check: installed package size
Result: NOTE
installed size is 18.9Mb
sub-directories of 1Mb or more:
include 1.9Mb
libs 15.3Mb
models 1.6Mb
Flavors: r-devel-linux-x86_64-fedora-clang, r-release-macos-arm64, r-release-macos-x86_64, r-release-windows-x86_64, r-oldrel-macos-arm64, r-oldrel-macos-x86_64, r-oldrel-windows-ix86+x86_64