Last updated on 2022-04-24 03:52:36 CEST.
Flavor | Version | Tinstall | Tcheck | Ttotal | Status | Flags |
---|---|---|---|---|---|---|
r-devel-linux-x86_64-debian-clang | 1.24 | 39.50 | 134.59 | 174.09 | OK | |
r-devel-linux-x86_64-debian-gcc | 1.24 | 34.71 | 101.82 | 136.53 | OK | |
r-devel-linux-x86_64-fedora-clang | 1.24 | 221.47 | OK | |||
r-devel-linux-x86_64-fedora-gcc | 1.24 | 202.98 | OK | |||
r-patched-linux-x86_64 | 1.24 | 38.97 | 132.23 | 171.20 | OK | |
r-release-linux-x86_64 | 1.24 | 30.12 | 128.97 | 159.09 | OK | |
r-release-macos-arm64 | 1.24 | NOTE | ||||
r-release-macos-x86_64 | 1.24 | NOTE | ||||
r-release-windows-x86_64 | 1.24 | 206.00 | 216.00 | 422.00 | OK | |
r-oldrel-macos-arm64 | 1.24 | NOTE | ||||
r-oldrel-macos-x86_64 | 1.24 | NOTE | ||||
r-oldrel-windows-ix86+x86_64 | 1.24 | 92.00 | 239.00 | 331.00 | OK |
Version: 1.24
Check: installed package size
Result: NOTE
installed size is 6.3Mb
sub-directories of 1Mb or more:
libs 4.1Mb
Flavors: r-release-macos-arm64, r-release-macos-x86_64, r-oldrel-macos-arm64, r-oldrel-macos-x86_64