Last updated on 2022-04-24 03:52:36 CEST.
Flavor | Version | Tinstall | Tcheck | Ttotal | Status | Flags |
---|---|---|---|---|---|---|
r-devel-linux-x86_64-debian-clang | 0.6.3 | 28.83 | 148.50 | 177.33 | NOTE | |
r-devel-linux-x86_64-debian-gcc | 0.6.3 | 26.48 | 108.47 | 134.95 | NOTE | |
r-devel-linux-x86_64-fedora-clang | 0.6.3 | 237.12 | NOTE | |||
r-devel-linux-x86_64-fedora-gcc | 0.6.3 | 217.01 | NOTE | |||
r-patched-linux-x86_64 | 0.6.3 | 35.39 | 145.41 | 180.80 | NOTE | |
r-release-linux-x86_64 | 0.6.3 | 30.90 | 139.01 | 169.91 | NOTE | |
r-release-macos-arm64 | 0.6.3 | NOTE | ||||
r-release-macos-x86_64 | 0.6.3 | NOTE | ||||
r-release-windows-x86_64 | 0.6.3 | 120.00 | 196.00 | 316.00 | OK | |
r-oldrel-macos-arm64 | 0.6.3 | NOTE | ||||
r-oldrel-macos-x86_64 | 0.6.3 | NOTE | ||||
r-oldrel-windows-ix86+x86_64 | 0.6.3 | 52.00 | 244.00 | 296.00 | OK |
Version: 0.6.3
Check: package dependencies
Result: NOTE
Packages suggested but not available for checking:
'gWidgets2RGtk2', 'cairoDevice', 'RGtk2'
Flavors: r-devel-linux-x86_64-debian-clang, r-devel-linux-x86_64-debian-gcc, r-devel-linux-x86_64-fedora-clang, r-devel-linux-x86_64-fedora-gcc, r-patched-linux-x86_64, r-release-linux-x86_64, r-release-macos-arm64, r-oldrel-macos-arm64
Version: 0.6.3
Check: dependencies in R code
Result: NOTE
Namespace in Imports field not imported from: ‘RTriangle’
All declared Imports should be used.
Flavors: r-devel-linux-x86_64-fedora-clang, r-devel-linux-x86_64-fedora-gcc, r-release-macos-arm64, r-release-macos-x86_64, r-oldrel-macos-arm64, r-oldrel-macos-x86_64