Last updated on 2022-04-24 03:52:36 CEST.
Flavor | Version | Tinstall | Tcheck | Ttotal | Status | Flags |
---|---|---|---|---|---|---|
r-devel-linux-x86_64-debian-clang | 1.0.0 | 2.37 | 30.48 | 32.85 | NOTE | |
r-devel-linux-x86_64-debian-gcc | 1.0.0 | 1.88 | 24.16 | 26.04 | NOTE | |
r-devel-linux-x86_64-fedora-clang | 1.0.0 | 42.80 | NOTE | |||
r-devel-linux-x86_64-fedora-gcc | 1.0.0 | 29.09 | NOTE | |||
r-patched-linux-x86_64 | 1.0.0 | 2.57 | 29.89 | 32.46 | NOTE | |
r-release-linux-x86_64 | 1.0.0 | 2.04 | 29.28 | 31.32 | NOTE | |
r-release-macos-arm64 | 1.0.0 | NOTE | ||||
r-release-macos-x86_64 | 1.0.0 | NOTE | ||||
r-release-windows-x86_64 | 1.0.0 | 14.00 | 46.00 | 60.00 | NOTE | |
r-oldrel-macos-arm64 | 1.0.0 | NOTE | ||||
r-oldrel-macos-x86_64 | 1.0.0 | NOTE | ||||
r-oldrel-windows-ix86+x86_64 | 1.0.0 | 5.00 | 34.00 | 39.00 | NOTE |
Version: 1.0.0
Check: LazyData
Result: NOTE
'LazyData' is specified without a 'data' directory
Flavors: r-devel-linux-x86_64-debian-clang, r-devel-linux-x86_64-debian-gcc, r-devel-linux-x86_64-fedora-clang, r-devel-linux-x86_64-fedora-gcc, r-patched-linux-x86_64, r-release-linux-x86_64, r-release-macos-arm64, r-release-macos-x86_64, r-release-windows-x86_64, r-oldrel-macos-arm64, r-oldrel-macos-x86_64, r-oldrel-windows-ix86+x86_64