Last updated on 2022-04-24 03:52:36 CEST.
Flavor | Version | Tinstall | Tcheck | Ttotal | Status | Flags |
---|---|---|---|---|---|---|
r-devel-linux-x86_64-debian-clang | 0.2.1 | 2.20 | 34.00 | 36.20 | OK | |
r-devel-linux-x86_64-debian-gcc | 0.2.1 | 1.79 | 26.09 | 27.88 | OK | |
r-devel-linux-x86_64-fedora-clang | 0.2.1 | 43.67 | OK | |||
r-devel-linux-x86_64-fedora-gcc | 0.2.1 | 32.29 | OK | |||
r-patched-linux-x86_64 | 0.2.1 | 2.29 | 32.09 | 34.38 | OK | |
r-release-linux-x86_64 | 0.2.1 | 2.24 | 32.01 | 34.25 | OK | |
r-release-macos-arm64 | 0.2.1 | NOTE | ||||
r-release-macos-x86_64 | 0.2.1 | NOTE | ||||
r-release-windows-x86_64 | 0.2.1 | 14.00 | 49.00 | 63.00 | OK | |
r-oldrel-macos-arm64 | 0.2.1 | NOTE | ||||
r-oldrel-macos-x86_64 | 0.2.1 | NOTE | ||||
r-oldrel-windows-ix86+x86_64 | 0.2.1 | 5.00 | 39.00 | 44.00 | OK |
Version: 0.2.1
Check: package dependencies
Result: NOTE
Package suggested but not available for checking: ‘ccdata’
Flavors: r-release-macos-arm64, r-release-macos-x86_64, r-oldrel-macos-arm64, r-oldrel-macos-x86_64