Last updated on 2022-04-24 03:52:36 CEST.
Flavor | Version | Tinstall | Tcheck | Ttotal | Status | Flags |
---|---|---|---|---|---|---|
r-devel-linux-x86_64-debian-clang | 1.3.9 | 60.84 | 613.45 | 674.29 | OK | |
r-devel-linux-x86_64-debian-gcc | 1.3.9 | 51.25 | 286.78 | 338.03 | NOTE | |
r-devel-linux-x86_64-fedora-clang | 1.3.9 | 767.81 | OK | |||
r-devel-linux-x86_64-fedora-gcc | 1.3.9 | 570.68 | NOTE | |||
r-patched-linux-x86_64 | 1.3.9 | 55.22 | 567.56 | 622.78 | OK | |
r-release-linux-x86_64 | 1.3.9 | 38.45 | 568.04 | 606.49 | OK | |
r-release-macos-arm64 | 1.3.9 | NOTE | ||||
r-release-macos-x86_64 | 1.3.9 | OK | ||||
r-release-windows-x86_64 | 1.3.9 | 118.00 | 606.00 | 724.00 | OK | |
r-oldrel-macos-arm64 | 1.3.9 | NOTE | ||||
r-oldrel-macos-x86_64 | 1.3.9 | OK | ||||
r-oldrel-windows-ix86+x86_64 | 1.3.9 | 133.00 | 737.00 | 870.00 | OK |
Version: 1.3.9
Check: package dependencies
Result: NOTE
Package suggested but not available for checking: ‘evdbayes’
Flavors: r-devel-linux-x86_64-debian-gcc, r-devel-linux-x86_64-fedora-gcc
Version: 1.3.9
Check: Rd cross-references
Result: NOTE
Unknown package ‘evdbayes’ in Rd xrefs
Flavors: r-devel-linux-x86_64-debian-gcc, r-devel-linux-x86_64-fedora-gcc
Version: 1.3.9
Check: installed package size
Result: NOTE
installed size is 6.5Mb
sub-directories of 1Mb or more:
libs 5.3Mb
Flavors: r-release-macos-arm64, r-oldrel-macos-arm64