Last updated on 2022-04-24 03:52:36 CEST.
Flavor | Version | Tinstall | Tcheck | Ttotal | Status | Flags |
---|---|---|---|---|---|---|
r-devel-linux-x86_64-debian-clang | 0.15 | 2.71 | 39.99 | 42.70 | NOTE | |
r-devel-linux-x86_64-debian-gcc | 0.15 | 2.53 | 30.09 | 32.62 | NOTE | |
r-devel-linux-x86_64-fedora-clang | 0.15 | 50.85 | NOTE | |||
r-devel-linux-x86_64-fedora-gcc | 0.15 | 39.09 | NOTE | |||
r-patched-linux-x86_64 | 0.15 | 2.68 | 37.23 | 39.91 | NOTE | |
r-release-linux-x86_64 | 0.15 | 2.66 | 36.14 | 38.80 | NOTE | |
r-release-macos-arm64 | 0.15 | NOTE | ||||
r-release-macos-x86_64 | 0.15 | NOTE | ||||
r-release-windows-x86_64 | 0.15 | 10.00 | 55.00 | 65.00 | NOTE | |
r-oldrel-macos-arm64 | 0.15 | NOTE | ||||
r-oldrel-macos-x86_64 | 0.15 | NOTE | ||||
r-oldrel-windows-ix86+x86_64 | 0.15 | 7.00 | 44.00 | 51.00 | NOTE |
Version: 0.15
Check: LazyData
Result: NOTE
'LazyData' is specified without a 'data' directory
Flavors: r-devel-linux-x86_64-debian-clang, r-devel-linux-x86_64-debian-gcc, r-devel-linux-x86_64-fedora-clang, r-devel-linux-x86_64-fedora-gcc, r-patched-linux-x86_64, r-release-linux-x86_64, r-release-macos-arm64, r-release-macos-x86_64, r-release-windows-x86_64, r-oldrel-macos-arm64, r-oldrel-macos-x86_64, r-oldrel-windows-ix86+x86_64