Last updated on 2022-04-24 03:52:36 CEST.
Flavor | Version | Tinstall | Tcheck | Ttotal | Status | Flags |
---|---|---|---|---|---|---|
r-devel-linux-x86_64-debian-clang | 1.0.4 | 2.05 | 31.37 | 33.42 | OK | |
r-devel-linux-x86_64-debian-gcc | 1.0.4 | 1.70 | 24.56 | 26.26 | OK | |
r-devel-linux-x86_64-fedora-clang | 1.0.4 | 41.34 | NOTE | |||
r-devel-linux-x86_64-fedora-gcc | 1.0.4 | 29.92 | OK | |||
r-patched-linux-x86_64 | 1.0.4 | 2.17 | 30.56 | 32.73 | OK | |
r-release-linux-x86_64 | 1.0.4 | 1.88 | 30.25 | 32.13 | OK | |
r-release-macos-arm64 | 1.0.4 | OK | ||||
r-release-macos-x86_64 | 1.0.4 | OK | ||||
r-release-windows-x86_64 | 1.0.4 | 12.00 | 46.00 | 58.00 | OK | |
r-oldrel-macos-arm64 | 1.0.4 | OK | ||||
r-oldrel-macos-x86_64 | 1.0.4 | OK | ||||
r-oldrel-windows-ix86+x86_64 | 1.0.4 | 4.00 | 39.00 | 43.00 | OK |
Version: 1.0.4
Check: Rd cross-references
Result: NOTE
Undeclared package ‘robustbase’ in Rd xrefs
Flavor: r-devel-linux-x86_64-fedora-clang