Last updated on 2022-04-24 03:52:36 CEST.
Flavor | Version | Tinstall | Tcheck | Ttotal | Status | Flags |
---|---|---|---|---|---|---|
r-devel-linux-x86_64-debian-clang | 1.2.1 | 2.04 | 63.62 | 65.66 | NOTE | |
r-devel-linux-x86_64-debian-gcc | 1.2.1 | 1.78 | 47.88 | 49.66 | NOTE | |
r-devel-linux-x86_64-fedora-clang | 1.2.1 | 78.76 | NOTE | |||
r-devel-linux-x86_64-fedora-gcc | 1.2.1 | 66.44 | NOTE | |||
r-patched-linux-x86_64 | 1.2.1 | 1.74 | 61.72 | 63.46 | NOTE | |
r-release-linux-x86_64 | 1.2.1 | 1.85 | 58.72 | 60.57 | NOTE | |
r-release-macos-arm64 | 1.2.1 | NOTE | ||||
r-release-macos-x86_64 | 1.2.1 | NOTE | ||||
r-release-windows-x86_64 | 1.2.1 | 11.00 | 71.00 | 82.00 | NOTE | |
r-oldrel-macos-arm64 | 1.2.1 | NOTE | ||||
r-oldrel-macos-x86_64 | 1.2.1 | NOTE | ||||
r-oldrel-windows-ix86+x86_64 | 1.2.1 | 4.00 | 57.00 | 61.00 | NOTE |
Version: 1.2.1
Check: R code for possible problems
Result: NOTE
plot.reweight: no visible global function definition for 'par'
plot.reweight: no visible global function definition for 'density'
plot.reweight: no visible global function definition for 'rug'
reweight: no visible global function definition for 'aggregate'
search.best.h: no visible global function definition for 'quantile'
Undefined global functions or variables:
aggregate density par quantile rug
Consider adding
importFrom("graphics", "par", "rug")
importFrom("stats", "aggregate", "density", "quantile")
to your NAMESPACE file.
Flavors: r-devel-linux-x86_64-debian-clang, r-devel-linux-x86_64-debian-gcc, r-devel-linux-x86_64-fedora-clang, r-devel-linux-x86_64-fedora-gcc, r-patched-linux-x86_64, r-release-linux-x86_64, r-release-macos-arm64, r-release-macos-x86_64, r-release-windows-x86_64, r-oldrel-macos-arm64, r-oldrel-macos-x86_64, r-oldrel-windows-ix86+x86_64