Last updated on 2022-04-24 03:52:36 CEST.
Flavor | Version | Tinstall | Tcheck | Ttotal | Status | Flags |
---|---|---|---|---|---|---|
r-devel-linux-x86_64-debian-clang | 0.2.0 | 5.91 | 70.49 | 76.40 | OK | |
r-devel-linux-x86_64-debian-gcc | 0.2.0 | 4.29 | 52.28 | 56.57 | OK | |
r-devel-linux-x86_64-fedora-clang | 0.2.0 | 90.28 | NOTE | |||
r-devel-linux-x86_64-fedora-gcc | 0.2.0 | 76.50 | NOTE | |||
r-patched-linux-x86_64 | 0.2.0 | 5.61 | 66.06 | 71.67 | OK | |
r-release-linux-x86_64 | 0.2.0 | 5.75 | 62.51 | 68.26 | OK | |
r-release-macos-arm64 | 0.2.0 | NOTE | ||||
r-release-macos-x86_64 | 0.2.0 | NOTE | ||||
r-release-windows-x86_64 | 0.2.0 | 28.00 | 101.00 | 129.00 | OK | |
r-oldrel-macos-arm64 | 0.2.0 | NOTE | ||||
r-oldrel-macos-x86_64 | 0.2.0 | NOTE | ||||
r-oldrel-windows-ix86+x86_64 | 0.2.0 | 14.00 | 75.00 | 89.00 | OK |
Version: 0.2.0
Check: dependencies in R code
Result: NOTE
Namespace in Imports field not imported from: ‘pkgload’
All declared Imports should be used.
Flavors: r-devel-linux-x86_64-fedora-clang, r-devel-linux-x86_64-fedora-gcc, r-release-macos-arm64, r-release-macos-x86_64, r-oldrel-macos-arm64, r-oldrel-macos-x86_64