Last updated on 2022-04-24 03:52:36 CEST.
Flavor | Version | Tinstall | Tcheck | Ttotal | Status | Flags |
---|---|---|---|---|---|---|
r-devel-linux-x86_64-debian-clang | 2.1-5 | 6.94 | 56.55 | 63.49 | NOTE | |
r-devel-linux-x86_64-debian-gcc | 2.1-5 | 4.66 | 43.53 | 48.19 | NOTE | |
r-devel-linux-x86_64-fedora-clang | 2.1-5 | 76.51 | NOTE | |||
r-devel-linux-x86_64-fedora-gcc | 2.1-5 | 62.86 | NOTE | |||
r-patched-linux-x86_64 | 2.1-5 | 4.93 | 55.12 | 60.05 | NOTE | |
r-release-linux-x86_64 | 2.1-5 | 6.13 | 53.69 | 59.82 | NOTE | |
r-release-macos-arm64 | 2.1-5 | NOTE | ||||
r-release-macos-x86_64 | 2.1-5 | NOTE | ||||
r-release-windows-x86_64 | 2.1-5 | 53.00 | 72.00 | 125.00 | NOTE | |
r-oldrel-macos-arm64 | 2.1-5 | NOTE | ||||
r-oldrel-macos-x86_64 | 2.1-5 | NOTE | ||||
r-oldrel-windows-ix86+x86_64 | 2.1-5 | 9.00 | 65.00 | 74.00 | NOTE |
Version: 2.1-5
Check: LazyData
Result: NOTE
'LazyData' is specified without a 'data' directory
Flavors: r-devel-linux-x86_64-debian-clang, r-devel-linux-x86_64-debian-gcc, r-devel-linux-x86_64-fedora-clang, r-devel-linux-x86_64-fedora-gcc, r-patched-linux-x86_64, r-release-linux-x86_64, r-release-macos-arm64, r-release-macos-x86_64, r-release-windows-x86_64, r-oldrel-macos-arm64, r-oldrel-macos-x86_64, r-oldrel-windows-ix86+x86_64