Last updated on 2022-04-24 03:52:36 CEST.
Flavor | Version | Tinstall | Tcheck | Ttotal | Status | Flags |
---|---|---|---|---|---|---|
r-devel-linux-x86_64-debian-clang | 0.3.7 | 8.90 | 87.22 | 96.12 | NOTE | |
r-devel-linux-x86_64-debian-gcc | 0.3.7 | 6.32 | 63.65 | 69.97 | NOTE | |
r-devel-linux-x86_64-fedora-clang | 0.3.7 | 111.31 | NOTE | |||
r-devel-linux-x86_64-fedora-gcc | 0.3.7 | 103.19 | NOTE | |||
r-patched-linux-x86_64 | 0.3.7 | 8.73 | 81.36 | 90.09 | NOTE | |
r-release-linux-x86_64 | 0.3.7 | 6.47 | 76.91 | 83.38 | NOTE | |
r-release-macos-arm64 | 0.3.7 | NOTE | ||||
r-release-macos-x86_64 | 0.3.7 | NOTE | ||||
r-release-windows-x86_64 | 0.3.7 | 35.00 | 104.00 | 139.00 | NOTE | |
r-oldrel-macos-arm64 | 0.3.7 | NOTE | ||||
r-oldrel-macos-x86_64 | 0.3.7 | NOTE | ||||
r-oldrel-windows-ix86+x86_64 | 0.3.7 | 17.00 | 92.00 | 109.00 | NOTE |
Version: 0.3.7
Check: R code for possible problems
Result: NOTE
fs_author_ids : <anonymous>: no visible global function definition for
'select.list'
fs_download : <anonymous>: no visible global function definition for
'download.file'
Undefined global functions or variables:
download.file select.list
Consider adding
importFrom("utils", "download.file", "select.list")
to your NAMESPACE file.
Flavors: r-devel-linux-x86_64-debian-clang, r-devel-linux-x86_64-debian-gcc, r-devel-linux-x86_64-fedora-clang, r-devel-linux-x86_64-fedora-gcc, r-patched-linux-x86_64, r-release-linux-x86_64, r-release-macos-arm64, r-release-macos-x86_64, r-release-windows-x86_64, r-oldrel-macos-arm64, r-oldrel-macos-x86_64, r-oldrel-windows-ix86+x86_64