Last updated on 2022-04-24 03:52:36 CEST.
Flavor | Version | Tinstall | Tcheck | Ttotal | Status | Flags |
---|---|---|---|---|---|---|
r-devel-linux-x86_64-debian-clang | 0.1.0 | 3.97 | 43.14 | 47.11 | OK | |
r-devel-linux-x86_64-debian-gcc | 0.1.0 | 2.48 | 33.42 | 35.90 | OK | |
r-devel-linux-x86_64-fedora-clang | 0.1.0 | 55.76 | NOTE | |||
r-devel-linux-x86_64-fedora-gcc | 0.1.0 | 43.79 | NOTE | |||
r-patched-linux-x86_64 | 0.1.0 | 2.29 | 41.97 | 44.26 | OK | |
r-release-linux-x86_64 | 0.1.0 | 2.67 | 40.24 | 42.91 | OK | |
r-release-macos-arm64 | 0.1.0 | NOTE | ||||
r-release-macos-x86_64 | 0.1.0 | NOTE | ||||
r-release-windows-x86_64 | 0.1.0 | 18.00 | 64.00 | 82.00 | OK | |
r-oldrel-macos-arm64 | 0.1.0 | NOTE | ||||
r-oldrel-macos-x86_64 | 0.1.0 | NOTE | ||||
r-oldrel-windows-ix86+x86_64 | 0.1.0 | 7.00 | 52.00 | 59.00 | OK |
Version: 0.1.0
Check: dependencies in R code
Result: NOTE
Namespaces in Imports field not imported from:
‘httr’ ‘lubridate’ ‘stringr’
All declared Imports should be used.
Flavors: r-devel-linux-x86_64-fedora-clang, r-devel-linux-x86_64-fedora-gcc, r-release-macos-arm64, r-release-macos-x86_64, r-oldrel-macos-arm64, r-oldrel-macos-x86_64