Last updated on 2022-04-24 03:52:36 CEST.
Flavor | Version | Tinstall | Tcheck | Ttotal | Status | Flags |
---|---|---|---|---|---|---|
r-devel-linux-x86_64-debian-clang | 0.2.0 | 6.72 | 65.57 | 72.29 | OK | |
r-devel-linux-x86_64-debian-gcc | 0.2.0 | 4.91 | 48.31 | 53.22 | OK | |
r-devel-linux-x86_64-fedora-clang | 0.2.0 | 85.96 | NOTE | |||
r-devel-linux-x86_64-fedora-gcc | 0.2.0 | 70.27 | NOTE | |||
r-patched-linux-x86_64 | 0.2.0 | 3.91 | 60.77 | 64.68 | OK | |
r-release-linux-x86_64 | 0.2.0 | 5.60 | 57.45 | 63.05 | OK | |
r-release-macos-arm64 | 0.2.0 | NOTE | ||||
r-release-macos-x86_64 | 0.2.0 | NOTE | ||||
r-release-windows-x86_64 | 0.2.0 | 17.00 | 80.00 | 97.00 | OK | |
r-oldrel-macos-arm64 | 0.2.0 | NOTE | ||||
r-oldrel-macos-x86_64 | 0.2.0 | NOTE | ||||
r-oldrel-windows-ix86+x86_64 | 0.2.0 | 14.00 | 66.00 | 80.00 | OK |
Version: 0.2.0
Check: dependencies in R code
Result: NOTE
Namespace in Imports field not imported from: ‘sf’
All declared Imports should be used.
Flavors: r-devel-linux-x86_64-fedora-clang, r-devel-linux-x86_64-fedora-gcc, r-release-macos-arm64, r-release-macos-x86_64, r-oldrel-macos-arm64, r-oldrel-macos-x86_64