Last updated on 2022-04-24 03:52:36 CEST.
Flavor | Version | Tinstall | Tcheck | Ttotal | Status | Flags |
---|---|---|---|---|---|---|
r-devel-linux-x86_64-debian-clang | 1.0.0 | 23.54 | 353.85 | 377.39 | OK | |
r-devel-linux-x86_64-debian-gcc | 1.0.0 | 22.60 | 258.12 | 280.72 | OK | |
r-devel-linux-x86_64-fedora-clang | 1.0.0 | 476.50 | NOTE | |||
r-devel-linux-x86_64-fedora-gcc | 1.0.0 | 456.88 | NOTE | |||
r-patched-linux-x86_64 | 1.0.0 | 26.58 | 336.39 | 362.97 | OK | |
r-release-linux-x86_64 | 1.0.0 | 26.83 | 308.75 | 335.58 | OK | |
r-release-macos-arm64 | 1.0.0 | NOTE | ||||
r-release-macos-x86_64 | 1.0.0 | NOTE | ||||
r-release-windows-x86_64 | 1.0.0 | 51.00 | 319.00 | 370.00 | NOTE | |
r-oldrel-macos-arm64 | 1.0.0 | NOTE | ||||
r-oldrel-macos-x86_64 | 1.0.0 | NOTE | ||||
r-oldrel-windows-ix86+x86_64 | 1.0.0 | 63.00 | 315.00 | 378.00 | NOTE |
Version: 1.0.0
Check: installed package size
Result: NOTE
installed size is 32.8Mb
sub-directories of 1Mb or more:
doc 3.8Mb
extdata 2.6Mb
java 26.1Mb
Flavors: r-devel-linux-x86_64-fedora-clang, r-release-macos-arm64, r-release-macos-x86_64, r-release-windows-x86_64, r-oldrel-macos-arm64, r-oldrel-macos-x86_64, r-oldrel-windows-ix86+x86_64
Version: 1.0.0
Check: dependencies in R code
Result: NOTE
Namespace in Imports field not imported from: ‘rgdal’
All declared Imports should be used.
Flavors: r-devel-linux-x86_64-fedora-clang, r-devel-linux-x86_64-fedora-gcc, r-release-macos-arm64, r-release-macos-x86_64, r-oldrel-macos-arm64, r-oldrel-macos-x86_64