Last updated on 2022-04-24 03:52:36 CEST.
Flavor | Version | Tinstall | Tcheck | Ttotal | Status | Flags |
---|---|---|---|---|---|---|
r-devel-linux-x86_64-debian-clang | 0.7 | 1.99 | 30.32 | 32.31 | NOTE | |
r-devel-linux-x86_64-debian-gcc | 0.7 | 1.60 | 23.99 | 25.59 | NOTE | |
r-devel-linux-x86_64-fedora-clang | 0.7 | 40.44 | NOTE | |||
r-devel-linux-x86_64-fedora-gcc | 0.7 | 28.57 | NOTE | |||
r-patched-linux-x86_64 | 0.7 | 2.08 | 29.73 | 31.81 | NOTE | |
r-release-linux-x86_64 | 0.7 | 1.78 | 28.87 | 30.65 | NOTE | |
r-release-macos-arm64 | 0.7 | NOTE | ||||
r-release-macos-x86_64 | 0.7 | NOTE | ||||
r-release-windows-x86_64 | 0.7 | 12.00 | 49.00 | 61.00 | NOTE | |
r-oldrel-macos-arm64 | 0.7 | NOTE | ||||
r-oldrel-macos-x86_64 | 0.7 | NOTE | ||||
r-oldrel-windows-ix86+x86_64 | 0.7 | 4.00 | 26.00 | 30.00 | NOTE |
Version: 0.7
Check: R code for possible problems
Result: NOTE
gabriel.plot: no visible global function definition for 'barplot'
gabriel.plot: no visible global function definition for 'arrows'
rgabriel: no visible binding for global variable 'sd'
rgabriel : psmm_x: no visible global function definition for 'pnorm'
rgabriel : psmm: no visible global function definition for 'integrate'
rgabriel : qsmm: no visible global function definition for 'qnorm'
rgabriel : qsmm: no visible global function definition for 'uniroot'
Undefined global functions or variables:
arrows barplot integrate pnorm qnorm sd uniroot
Consider adding
importFrom("graphics", "arrows", "barplot")
importFrom("stats", "integrate", "pnorm", "qnorm", "sd", "uniroot")
to your NAMESPACE file.
Flavors: r-devel-linux-x86_64-debian-clang, r-devel-linux-x86_64-debian-gcc, r-devel-linux-x86_64-fedora-clang, r-devel-linux-x86_64-fedora-gcc, r-patched-linux-x86_64, r-release-linux-x86_64, r-release-macos-arm64, r-release-macos-x86_64, r-release-windows-x86_64, r-oldrel-macos-arm64, r-oldrel-macos-x86_64, r-oldrel-windows-ix86+x86_64