Last updated on 2022-04-24 03:52:36 CEST.
Flavor | Version | Tinstall | Tcheck | Ttotal | Status | Flags |
---|---|---|---|---|---|---|
r-devel-linux-x86_64-debian-clang | 1.5-31 | 40.65 | 137.71 | 178.36 | OK | |
r-devel-linux-x86_64-debian-gcc | 1.5-31 | 25.97 | 108.65 | 134.62 | OK | |
r-devel-linux-x86_64-fedora-clang | 1.5-31 | 224.51 | NOTE | |||
r-devel-linux-x86_64-fedora-gcc | 1.5-31 | 201.94 | OK | |||
r-patched-linux-x86_64 | 1.5-31 | 32.05 | 135.17 | 167.22 | OK | |
r-release-linux-x86_64 | 1.5-31 | 30.86 | 132.99 | 163.85 | OK | |
r-release-macos-arm64 | 1.5-31 | NOTE | ||||
r-release-macos-x86_64 | 1.5-31 | ERROR | ||||
r-release-windows-x86_64 | 1.5-31 | 155.00 | 528.00 | 683.00 | NOTE | |
r-oldrel-macos-arm64 | 1.5-31 | NOTE | ||||
r-oldrel-macos-x86_64 | 1.5-31 | ERROR | ||||
r-oldrel-windows-ix86+x86_64 | 1.5-31 | 133.00 | 600.00 | 733.00 | NOTE |
Version: 1.5-31
Check: installed package size
Result: NOTE
installed size is 8.3Mb
sub-directories of 1Mb or more:
doc 3.8Mb
pictures 1.3Mb
Flavors: r-devel-linux-x86_64-fedora-clang, r-release-macos-arm64, r-release-windows-x86_64, r-oldrel-macos-arm64, r-oldrel-windows-ix86+x86_64
Version: 1.5-31
Check: whether package can be installed
Result: ERROR
Installation failed.
Flavors: r-release-macos-x86_64, r-oldrel-macos-x86_64