Last updated on 2022-04-24 03:52:36 CEST.
Flavor | Version | Tinstall | Tcheck | Ttotal | Status | Flags |
---|---|---|---|---|---|---|
r-devel-linux-x86_64-debian-clang | 5.9-0.3 | 14.93 | 56.71 | 71.64 | OK | |
r-devel-linux-x86_64-debian-gcc | 5.9-0.3 | 10.52 | 54.66 | 65.18 | OK | |
r-devel-linux-x86_64-fedora-clang | 5.9-0.3 | 102.41 | NOTE | |||
r-devel-linux-x86_64-fedora-gcc | 5.9-0.3 | 107.03 | OK | |||
r-patched-linux-x86_64 | 5.9-0.3 | 10.12 | 66.24 | 76.36 | OK | |
r-release-linux-x86_64 | 5.9-0.3 | 12.42 | 72.77 | 85.19 | OK | |
r-release-macos-arm64 | 5.9-0.3 | OK | ||||
r-release-macos-x86_64 | 5.9-0.3 | OK | ||||
r-release-windows-x86_64 | 5.9-0.3 | 28.00 | 124.00 | 152.00 | OK | |
r-oldrel-macos-arm64 | 5.9-0.3 | OK | ||||
r-oldrel-macos-x86_64 | 5.9-0.3 | OK | ||||
r-oldrel-windows-ix86+x86_64 | 5.9-0.3 | 34.00 | 124.00 | 158.00 | OK |
Version: 5.9-0.3
Check: Rd cross-references
Result: NOTE
Undeclared package ‘Matching’ in Rd xrefs
Flavor: r-devel-linux-x86_64-fedora-clang