Last updated on 2022-04-24 03:52:36 CEST.
Flavor | Version | Tinstall | Tcheck | Ttotal | Status | Flags |
---|---|---|---|---|---|---|
r-devel-linux-x86_64-debian-clang | 0.0.9 | 293.24 | 60.95 | 354.19 | OK | |
r-devel-linux-x86_64-debian-gcc | 0.0.9 | 243.58 | 50.42 | 294.00 | OK | |
r-devel-linux-x86_64-fedora-clang | 0.0.9 | 578.12 | NOTE | |||
r-devel-linux-x86_64-fedora-gcc | 0.0.9 | 463.01 | OK | |||
r-patched-linux-x86_64 | 0.0.9 | 252.28 | 64.25 | 316.53 | OK | |
r-release-linux-x86_64 | 0.0.9 | 266.22 | 62.22 | 328.44 | OK | |
r-release-macos-arm64 | 0.0.9 | NOTE | ||||
r-release-macos-x86_64 | 0.0.9 | NOTE | ||||
r-release-windows-x86_64 | 0.0.9 | 299.00 | 127.00 | 426.00 | OK | |
r-oldrel-macos-arm64 | 0.0.9 | NOTE | ||||
r-oldrel-macos-x86_64 | 0.0.9 | NOTE | ||||
r-oldrel-windows-ix86+x86_64 | 0.0.9 | 674.00 | 117.00 | 791.00 | NOTE |
Version: 0.0.9
Check: installed package size
Result: NOTE
installed size is 22.2Mb
sub-directories of 1Mb or more:
libs 20.9Mb
Flavors: r-devel-linux-x86_64-fedora-clang, r-release-macos-arm64, r-release-macos-x86_64, r-oldrel-macos-arm64, r-oldrel-macos-x86_64, r-oldrel-windows-ix86+x86_64