Last updated on 2022-04-24 03:52:36 CEST.
Flavor | Version | Tinstall | Tcheck | Ttotal | Status | Flags |
---|---|---|---|---|---|---|
r-devel-linux-x86_64-debian-clang | 1.4.2 | 39.04 | 45.92 | 84.96 | OK | |
r-devel-linux-x86_64-debian-gcc | 1.4.2 | 34.34 | 34.55 | 68.89 | OK | |
r-devel-linux-x86_64-fedora-clang | 1.4.2 | 130.92 | NOTE | |||
r-devel-linux-x86_64-fedora-gcc | 1.4.2 | 106.88 | OK | |||
r-patched-linux-x86_64 | 1.4.2 | 41.89 | 42.40 | 84.29 | OK | |
r-release-linux-x86_64 | 1.4.2 | 45.00 | 42.18 | 87.18 | OK | |
r-release-macos-arm64 | 1.4.2 | NOTE | ||||
r-release-macos-x86_64 | 1.4.2 | NOTE | ||||
r-release-windows-x86_64 | 1.4.2 | 65.00 | 87.00 | 152.00 | NOTE | |
r-oldrel-macos-arm64 | 1.4.2 | NOTE | ||||
r-oldrel-macos-x86_64 | 1.4.2 | NOTE | ||||
r-oldrel-windows-ix86+x86_64 | 1.4.2 | 130.00 | 72.00 | 202.00 | NOTE |
Version: 1.4.2
Check: installed package size
Result: NOTE
installed size is 5.9Mb
sub-directories of 1Mb or more:
extdata 4.4Mb
libs 1.3Mb
Flavors: r-devel-linux-x86_64-fedora-clang, r-release-macos-arm64, r-release-macos-x86_64, r-release-windows-x86_64, r-oldrel-macos-arm64, r-oldrel-macos-x86_64, r-oldrel-windows-ix86+x86_64