Last updated on 2022-04-24 03:52:36 CEST.
Flavor | Version | Tinstall | Tcheck | Ttotal | Status | Flags |
---|---|---|---|---|---|---|
r-devel-linux-x86_64-debian-clang | 0.2.2 | 7.89 | 110.12 | 118.01 | OK | |
r-devel-linux-x86_64-debian-gcc | 0.2.2 | 6.89 | 85.78 | 92.67 | OK | |
r-devel-linux-x86_64-fedora-clang | 0.2.2 | 159.23 | NOTE | |||
r-devel-linux-x86_64-fedora-gcc | 0.2.2 | 143.28 | NOTE | |||
r-patched-linux-x86_64 | 0.2.2 | 6.43 | 107.40 | 113.83 | OK | |
r-release-linux-x86_64 | 0.2.2 | 7.72 | 99.73 | 107.45 | OK | |
r-release-macos-arm64 | 0.2.2 | NOTE | ||||
r-release-macos-x86_64 | 0.2.2 | WARN | ||||
r-release-windows-x86_64 | 0.2.2 | 27.00 | 139.00 | 166.00 | OK | |
r-oldrel-macos-arm64 | 0.2.2 | NOTE | ||||
r-oldrel-macos-x86_64 | 0.2.2 | WARN | ||||
r-oldrel-windows-ix86+x86_64 | 0.2.2 | 20.00 | 122.00 | 142.00 | OK |
Version: 0.2.2
Check: dependencies in R code
Result: NOTE
Namespaces in Imports field not imported from:
‘leaflet’ ‘pals’ ‘raster’ ‘sp’
All declared Imports should be used.
Flavors: r-devel-linux-x86_64-fedora-clang, r-devel-linux-x86_64-fedora-gcc, r-release-macos-arm64, r-release-macos-x86_64, r-oldrel-macos-arm64, r-oldrel-macos-x86_64
Version: 0.2.2
Check: re-building of vignette outputs
Result: WARN
Error(s) in re-building vignettes:
...
--- re-building ‘rgeoprofile.Rmd’ using rmarkdown
Warning in engine$weave(file, quiet = quiet, encoding = enc) :
Pandoc (>= 1.12.3) not available. Falling back to R Markdown v1.
Quitting from lines 141-142 (rgeoprofile.Rmd)
Error: processing vignette 'rgeoprofile.Rmd' failed with diagnostics:
invalid 'path' argument
--- failed re-building ‘rgeoprofile.Rmd’
SUMMARY: processing the following file failed:
‘rgeoprofile.Rmd’
Error: Vignette re-building failed.
Execution halted
Flavors: r-release-macos-x86_64, r-oldrel-macos-x86_64