Last updated on 2022-04-24 03:52:36 CEST.
Flavor | Version | Tinstall | Tcheck | Ttotal | Status | Flags |
---|---|---|---|---|---|---|
r-devel-linux-x86_64-debian-clang | 0.108.3 | 122.55 | 217.40 | 339.95 | NOTE | |
r-devel-linux-x86_64-debian-gcc | 0.108.3 | 91.02 | 159.09 | 250.11 | NOTE | |
r-devel-linux-x86_64-fedora-clang | 0.108.3 | 476.07 | NOTE | |||
r-devel-linux-x86_64-fedora-gcc | 0.108.3 | 396.07 | NOTE | |||
r-patched-linux-x86_64 | 0.108.3 | 105.84 | 209.26 | 315.10 | NOTE | |
r-release-linux-x86_64 | 0.108.3 | 94.26 | 218.67 | 312.93 | NOTE | |
r-release-macos-arm64 | 0.108.3 | NOTE | ||||
r-release-macos-x86_64 | 0.108.3 | WARN | ||||
r-release-windows-x86_64 | 0.108.3 | 267.00 | 291.00 | 558.00 | NOTE | |
r-oldrel-macos-arm64 | 0.108.3 | NOTE | ||||
r-oldrel-macos-x86_64 | 0.108.3 | WARN | ||||
r-oldrel-windows-ix86+x86_64 | 0.108.3 | 404.00 | 314.00 | 718.00 | NOTE |
Version: 0.108.3
Check: package dependencies
Result: NOTE
Package suggested but not available for checking: 'webshot2'
Flavors: r-devel-linux-x86_64-debian-clang, r-devel-linux-x86_64-debian-gcc, r-devel-linux-x86_64-fedora-clang, r-devel-linux-x86_64-fedora-gcc, r-patched-linux-x86_64, r-release-linux-x86_64, r-release-macos-arm64, r-release-macos-x86_64, r-release-windows-x86_64, r-oldrel-macos-arm64, r-oldrel-macos-x86_64, r-oldrel-windows-ix86+x86_64
Version: 0.108.3
Check: installed package size
Result: NOTE
installed size is 9.3Mb
sub-directories of 1Mb or more:
doc 1.1Mb
fonts 1.5Mb
libs 2.4Mb
useNULL 1.8Mb
Flavors: r-devel-linux-x86_64-fedora-clang, r-release-macos-arm64, r-release-macos-x86_64, r-release-windows-x86_64, r-oldrel-macos-arm64, r-oldrel-macos-x86_64, r-oldrel-windows-ix86+x86_64
Version: 0.108.3
Check: re-building of vignette outputs
Result: WARN
Error(s) in re-building vignettes:
...
sh: line 1: 86570 Abort trap: 6 '/Library/Frameworks/R.framework/Resources/bin/R' --vanilla --no-echo > '/Volumes/Temp/tmp/RtmpgiUO9y/file1522517435bc7' 2>&1 < '/Volumes/Temp/tmp/RtmpgiUO9y/file15225473e71bf'
--- re-building ‘WebGL.Rmd’ using rmarkdown
Pandoc is required to build R Markdown vignettes but not available. Please make sure it is installed.
--- re-building ‘pkgdown.Rmd’ using rmarkdown
Pandoc is required to build R Markdown vignettes but not available. Please make sure it is installed.
--- finished re-building ‘pkgdown.Rmd’
sh: line 1: 86619 Abort trap: 6 '/Library/Frameworks/R.framework/Resources/bin/R' --vanilla --no-echo > '/Volumes/Temp/tmp/RtmpgiUO9y/file1522578892476' 2>&1 < '/Volumes/Temp/tmp/RtmpgiUO9y/file1522573b8fccc'
--- re-building ‘rgl.Rmd’ using rmarkdown
Pandoc is required to build R Markdown vignettes but not available. Please make sure it is installed.
--- re-building ‘transparency.Rmd’ using rmarkdown
Pandoc is required to build R Markdown vignettes but not available. Please make sure it is installed.
--- finished re-building ‘transparency.Rmd’
SUMMARY: processing the following files failed:
‘WebGL.Rmd’ ‘rgl.Rmd’
Error: Vignette re-building failed.
Execution halted
Flavors: r-release-macos-x86_64, r-oldrel-macos-x86_64