Last updated on 2022-04-24 03:52:36 CEST.
Flavor | Version | Tinstall | Tcheck | Ttotal | Status | Flags |
---|---|---|---|---|---|---|
r-devel-linux-x86_64-debian-clang | 0.1.0 | 2.99 | 43.17 | 46.16 | OK | |
r-devel-linux-x86_64-debian-gcc | 0.1.0 | 3.33 | 33.68 | 37.01 | OK | |
r-devel-linux-x86_64-fedora-clang | 0.1.0 | 57.17 | NOTE | |||
r-devel-linux-x86_64-fedora-gcc | 0.1.0 | 45.41 | NOTE | |||
r-patched-linux-x86_64 | 0.1.0 | 4.05 | 41.75 | 45.80 | OK | |
r-release-linux-x86_64 | 0.1.0 | 3.07 | 40.53 | 43.60 | OK | |
r-release-macos-arm64 | 0.1.0 | NOTE | ||||
r-release-macos-x86_64 | 0.1.0 | NOTE | ||||
r-release-windows-x86_64 | 0.1.0 | 14.00 | 59.00 | 73.00 | OK | |
r-oldrel-macos-arm64 | 0.1.0 | NOTE | ||||
r-oldrel-macos-x86_64 | 0.1.0 | NOTE | ||||
r-oldrel-windows-ix86+x86_64 | 0.1.0 | 8.00 | 52.00 | 60.00 | OK |
Version: 0.1.0
Check: dependencies in R code
Result: NOTE
Namespace in Imports field not imported from: ‘grDevices’
All declared Imports should be used.
Flavors: r-devel-linux-x86_64-fedora-clang, r-devel-linux-x86_64-fedora-gcc, r-release-macos-arm64, r-release-macos-x86_64, r-oldrel-macos-arm64, r-oldrel-macos-x86_64