Last updated on 2022-04-24 03:52:36 CEST.
Flavor | Version | Tinstall | Tcheck | Ttotal | Status | Flags |
---|---|---|---|---|---|---|
r-devel-linux-x86_64-debian-clang | 1.1.15 | 11.92 | 97.53 | 109.45 | NOTE | |
r-devel-linux-x86_64-debian-gcc | 1.1.15 | 8.96 | 72.16 | 81.12 | NOTE | |
r-devel-linux-x86_64-fedora-clang | 1.1.15 | 137.18 | NOTE | |||
r-devel-linux-x86_64-fedora-gcc | 1.1.15 | 124.40 | NOTE | |||
r-patched-linux-x86_64 | 1.1.15 | 17.03 | 91.02 | 108.05 | NOTE | |
r-release-linux-x86_64 | 1.1.15 | 12.36 | 91.28 | 103.64 | NOTE | |
r-release-macos-arm64 | 1.1.15 | OK | ||||
r-release-macos-x86_64 | 1.1.15 | OK | ||||
r-release-windows-x86_64 | 1.1.15 | 68.00 | 122.00 | 190.00 | OK | |
r-oldrel-macos-arm64 | 1.1.15 | OK | ||||
r-oldrel-macos-x86_64 | 1.1.15 | OK | ||||
r-oldrel-windows-ix86+x86_64 | 1.1.15 | 19.00 | 111.00 | 130.00 | OK |
Version: 1.1.15
Check: for non-standard things in the check directory
Result: NOTE
Found the following files/directories:
'MD_display.csv' 'kola.c_COUNTRY_Cu.csv'
'kola.c_COUNTRY_Cu_fences.txt' 'ogrady.mvalloc_mvalloc.csv'
'sind.mat2open_NGR_summary.csv' 'sind.save_PC-loadings.csv'
'sind.save_PC-scores.csv' 'test.save.mvalloc_mvalloc.csv'
Flavors: r-devel-linux-x86_64-debian-clang, r-devel-linux-x86_64-debian-gcc, r-devel-linux-x86_64-fedora-clang, r-devel-linux-x86_64-fedora-gcc, r-patched-linux-x86_64, r-release-linux-x86_64