Last updated on 2022-04-24 03:52:36 CEST.
Flavor | Version | Tinstall | Tcheck | Ttotal | Status | Flags |
---|---|---|---|---|---|---|
r-devel-linux-x86_64-debian-clang | 0.3.2 | 3.16 | 50.50 | 53.66 | OK | |
r-devel-linux-x86_64-debian-gcc | 0.3.2 | 2.85 | 39.47 | 42.32 | OK | |
r-devel-linux-x86_64-fedora-clang | 0.3.2 | 66.70 | NOTE | |||
r-devel-linux-x86_64-fedora-gcc | 0.3.2 | 53.91 | NOTE | |||
r-patched-linux-x86_64 | 0.3.2 | 3.99 | 48.62 | 52.61 | OK | |
r-release-linux-x86_64 | 0.3.2 | 2.78 | 49.48 | 52.26 | OK | |
r-release-macos-arm64 | 0.3.2 | NOTE | ||||
r-release-macos-x86_64 | 0.3.2 | NOTE | ||||
r-release-windows-x86_64 | 0.3.2 | 22.00 | 76.00 | 98.00 | OK | |
r-oldrel-macos-arm64 | 0.3.2 | NOTE | ||||
r-oldrel-macos-x86_64 | 0.3.2 | NOTE | ||||
r-oldrel-windows-ix86+x86_64 | 0.3.2 | 8.00 | 56.00 | 64.00 | OK |
Version: 0.3.2
Check: data for non-ASCII characters
Result: NOTE
Note: found 1473 marked UTF-8 strings
Flavors: r-devel-linux-x86_64-fedora-clang, r-devel-linux-x86_64-fedora-gcc, r-release-macos-arm64, r-release-macos-x86_64, r-oldrel-macos-arm64, r-oldrel-macos-x86_64