Last updated on 2022-04-24 03:52:36 CEST.
Flavor | Version | Tinstall | Tcheck | Ttotal | Status | Flags |
---|---|---|---|---|---|---|
r-devel-linux-x86_64-debian-clang | 0.3.8 | 5.01 | 80.71 | 85.72 | OK | |
r-devel-linux-x86_64-debian-gcc | 0.3.8 | 3.99 | 63.15 | 67.14 | OK | |
r-devel-linux-x86_64-fedora-clang | 0.3.8 | 107.02 | NOTE | |||
r-devel-linux-x86_64-fedora-gcc | 0.3.8 | 90.84 | OK | |||
r-patched-linux-x86_64 | 0.3.8 | 3.87 | 80.84 | 84.71 | OK | |
r-release-linux-x86_64 | 0.3.8 | 5.05 | 77.64 | 82.69 | OK | |
r-release-macos-arm64 | 0.3.8 | NOTE | ||||
r-release-macos-x86_64 | 0.3.8 | WARN | ||||
r-release-windows-x86_64 | 0.3.8 | 63.00 | 114.00 | 177.00 | NOTE | |
r-oldrel-macos-arm64 | 0.3.8 | NOTE | ||||
r-oldrel-macos-x86_64 | 0.3.8 | WARN | ||||
r-oldrel-windows-ix86+x86_64 | 0.3.8 | 15.00 | 84.00 | 99.00 | NOTE |
Version: 0.3.8
Check: installed package size
Result: NOTE
installed size is 11.7Mb
sub-directories of 1Mb or more:
doc 10.3Mb
htmlwidgets 1.3Mb
Flavors: r-devel-linux-x86_64-fedora-clang, r-release-macos-arm64, r-release-macos-x86_64, r-release-windows-x86_64, r-oldrel-macos-arm64, r-oldrel-macos-x86_64, r-oldrel-windows-ix86+x86_64
Version: 0.3.8
Check: re-building of vignette outputs
Result: WARN
Error(s) in re-building vignettes:
...
--- re-building ‘intro_rhandsontable.Rmd’ using rmarkdown
Warning in engine$weave(file, quiet = quiet, encoding = enc) :
Pandoc (>= 1.12.3) not available. Falling back to R Markdown v1.
Quitting from lines 34-47 (intro_rhandsontable.Rmd)
Error: processing vignette 'intro_rhandsontable.Rmd' failed with diagnostics:
invalid 'path' argument
--- failed re-building ‘intro_rhandsontable.Rmd’
SUMMARY: processing the following file failed:
‘intro_rhandsontable.Rmd’
Error: Vignette re-building failed.
Execution halted
Flavors: r-release-macos-x86_64, r-oldrel-macos-x86_64