Last updated on 2022-04-24 03:52:36 CEST.
| Flavor | Version | Tinstall | Tcheck | Ttotal | Status | Flags | 
|---|---|---|---|---|---|---|
| r-devel-linux-x86_64-debian-clang | 1.1.3 | 7.45 | 381.85 | 389.30 | NOTE | |
| r-devel-linux-x86_64-debian-gcc | 1.1.3 | 5.38 | 271.98 | 277.36 | NOTE | |
| r-devel-linux-x86_64-fedora-clang | 1.1.3 | 441.77 | NOTE | |||
| r-devel-linux-x86_64-fedora-gcc | 1.1.3 | 443.06 | NOTE | |||
| r-patched-linux-x86_64 | 1.1.3 | 4.31 | 368.91 | 373.22 | NOTE | |
| r-release-linux-x86_64 | 1.1.3 | 5.65 | 353.13 | 358.78 | NOTE | |
| r-release-macos-arm64 | 1.1.3 | NOTE | ||||
| r-release-macos-x86_64 | 1.1.3 | WARN | ||||
| r-release-windows-x86_64 | 1.1.3 | 24.00 | 450.00 | 474.00 | NOTE | |
| r-oldrel-macos-arm64 | 1.1.3 | NOTE | ||||
| r-oldrel-macos-x86_64 | 1.1.3 | WARN | ||||
| r-oldrel-windows-ix86+x86_64 | 1.1.3 | 15.00 | 516.00 | 531.00 | NOTE | 
Version: 1.1.3
Check: LazyData
Result: NOTE
      'LazyData' is specified without a 'data' directory
Flavors: r-devel-linux-x86_64-debian-clang, r-devel-linux-x86_64-debian-gcc, r-devel-linux-x86_64-fedora-clang, r-devel-linux-x86_64-fedora-gcc, r-patched-linux-x86_64, r-release-linux-x86_64, r-release-macos-arm64, r-release-macos-x86_64, r-release-windows-x86_64, r-oldrel-macos-arm64, r-oldrel-macos-x86_64, r-oldrel-windows-ix86+x86_64
Version: 1.1.3
Check: package dependencies
Result: NOTE
    Package suggested but not available for checking: ‘ggtree’
Flavors: r-release-macos-x86_64, r-oldrel-macos-x86_64
Version: 1.1.3
Check: re-building of vignette outputs
Result: WARN
    Error(s) in re-building vignettes:
      ...
    --- re-building ‘introduction.Rmd’ using rmarkdown
    Warning in engine$weave(file, quiet = quiet, encoding = enc) :
      Pandoc (>= 1.12.3) not available. Falling back to R Markdown v1.
    Quitting from lines 40-46 (introduction.Rmd) 
    Error: processing vignette 'introduction.Rmd' failed with diagnostics:
    there is no package called 'ggtree'
    --- failed re-building ‘introduction.Rmd’
    
    SUMMARY: processing the following file failed:
      ‘introduction.Rmd’
    
    Error: Vignette re-building failed.
    Execution halted
Flavors: r-release-macos-x86_64, r-oldrel-macos-x86_64