Last updated on 2022-04-24 03:52:36 CEST.
Flavor | Version | Tinstall | Tcheck | Ttotal | Status | Flags |
---|---|---|---|---|---|---|
r-devel-linux-x86_64-debian-clang | 1.0.0 | 1.96 | 29.42 | 31.38 | NOTE | |
r-devel-linux-x86_64-debian-gcc | 1.0.0 | 1.29 | 23.08 | 24.37 | NOTE | |
r-devel-linux-x86_64-fedora-clang | 1.0.0 | 39.23 | NOTE | |||
r-devel-linux-x86_64-fedora-gcc | 1.0.0 | 27.64 | NOTE | |||
r-patched-linux-x86_64 | 1.0.0 | 1.62 | 28.91 | 30.53 | NOTE | |
r-release-linux-x86_64 | 1.0.0 | 1.47 | 28.12 | 29.59 | NOTE | |
r-release-macos-arm64 | 1.0.0 | NOTE | ||||
r-release-macos-x86_64 | 1.0.0 | NOTE | ||||
r-release-windows-x86_64 | 1.0.0 | 9.00 | 41.00 | 50.00 | NOTE | |
r-oldrel-macos-arm64 | 1.0.0 | NOTE | ||||
r-oldrel-macos-x86_64 | 1.0.0 | NOTE | ||||
r-oldrel-windows-ix86+x86_64 | 1.0.0 | 5.00 | 26.00 | 31.00 | NOTE |
Version: 1.0.0
Check: LazyData
Result: NOTE
'LazyData' is specified without a 'data' directory
Flavors: r-devel-linux-x86_64-debian-clang, r-devel-linux-x86_64-debian-gcc, r-devel-linux-x86_64-fedora-clang, r-devel-linux-x86_64-fedora-gcc, r-patched-linux-x86_64, r-release-linux-x86_64, r-release-macos-arm64, r-release-macos-x86_64, r-release-windows-x86_64, r-oldrel-macos-arm64, r-oldrel-macos-x86_64, r-oldrel-windows-ix86+x86_64