Last updated on 2022-04-24 03:52:36 CEST.
Flavor | Version | Tinstall | Tcheck | Ttotal | Status | Flags |
---|---|---|---|---|---|---|
r-devel-linux-x86_64-debian-clang | 1.10 | 4.42 | 44.95 | 49.37 | NOTE | |
r-devel-linux-x86_64-debian-gcc | 1.10 | 2.95 | 34.44 | 37.39 | NOTE | |
r-devel-linux-x86_64-fedora-clang | 1.10 | 60.69 | NOTE | |||
r-devel-linux-x86_64-fedora-gcc | 1.10 | 48.92 | NOTE | |||
r-patched-linux-x86_64 | 1.10 | 3.67 | 43.89 | 47.56 | NOTE | |
r-release-linux-x86_64 | 1.10 | 2.99 | 43.64 | 46.63 | NOTE | |
r-release-macos-arm64 | 1.10 | OK | ||||
r-release-macos-x86_64 | 1.10 | OK | ||||
r-release-windows-x86_64 | 1.10 | 21.00 | 75.00 | 96.00 | OK | |
r-oldrel-macos-arm64 | 1.10 | OK | ||||
r-oldrel-macos-x86_64 | 1.10 | OK | ||||
r-oldrel-windows-ix86+x86_64 | 1.10 | 7.00 | 37.00 | 44.00 | OK |
Version: 1.10
Check: for non-standard things in the check directory
Result: NOTE
Found the following files/directories:
'mydata.rda' 'thedata.rda'
Flavors: r-devel-linux-x86_64-debian-clang, r-devel-linux-x86_64-debian-gcc, r-devel-linux-x86_64-fedora-clang, r-devel-linux-x86_64-fedora-gcc, r-patched-linux-x86_64, r-release-linux-x86_64