Last updated on 2022-04-24 03:52:36 CEST.
Flavor | Version | Tinstall | Tcheck | Ttotal | Status | Flags |
---|---|---|---|---|---|---|
r-devel-linux-x86_64-debian-clang | 0.3.0 | 6.83 | 74.13 | 80.96 | OK | |
r-devel-linux-x86_64-debian-gcc | 0.3.0 | 5.67 | 54.53 | 60.20 | OK | |
r-devel-linux-x86_64-fedora-clang | 0.3.0 | 101.16 | NOTE | |||
r-devel-linux-x86_64-fedora-gcc | 0.3.0 | 87.06 | NOTE | |||
r-patched-linux-x86_64 | 0.3.0 | 6.82 | 68.41 | 75.23 | OK | |
r-release-linux-x86_64 | 0.3.0 | 5.62 | 64.26 | 69.88 | OK | |
r-release-macos-arm64 | 0.3.0 | NOTE | ||||
r-release-macos-x86_64 | 0.3.0 | NOTE | ||||
r-release-windows-x86_64 | 0.3.0 | 30.00 | 86.00 | 116.00 | OK | |
r-oldrel-macos-arm64 | 0.3.0 | NOTE | ||||
r-oldrel-macos-x86_64 | 0.3.0 | NOTE | ||||
r-oldrel-windows-ix86+x86_64 | 0.3.0 | 17.00 | 73.00 | 90.00 | OK |
Version: 0.3.0
Check: dependencies in R code
Result: NOTE
Namespace in Imports field not imported from: ‘MASS’
All declared Imports should be used.
Flavors: r-devel-linux-x86_64-fedora-clang, r-devel-linux-x86_64-fedora-gcc, r-release-macos-arm64, r-release-macos-x86_64, r-oldrel-macos-arm64, r-oldrel-macos-x86_64