Last updated on 2022-04-24 03:52:36 CEST.
Flavor | Version | Tinstall | Tcheck | Ttotal | Status | Flags |
---|---|---|---|---|---|---|
r-devel-linux-x86_64-debian-clang | 0.5.1 | 19.18 | 18.83 | 38.01 | ERROR | |
r-devel-linux-x86_64-debian-gcc | 0.5.1 | 14.33 | 149.68 | 164.01 | NOTE | |
r-devel-linux-x86_64-fedora-clang | 0.5.1 | 270.29 | NOTE | |||
r-devel-linux-x86_64-fedora-gcc | 0.5.1 | 238.18 | NOTE | |||
r-patched-linux-x86_64 | 0.5.1 | 19.49 | 190.09 | 209.58 | NOTE | |
r-release-linux-x86_64 | 0.5.1 | 16.61 | 185.87 | 202.48 | NOTE | |
r-release-macos-arm64 | 0.5.1 | NOTE | ||||
r-release-macos-x86_64 | 0.5.1 | NOTE | ||||
r-release-windows-x86_64 | 0.5.1 | 92.00 | 277.00 | 369.00 | NOTE | |
r-oldrel-macos-arm64 | 0.5.1 | NOTE | ||||
r-oldrel-macos-x86_64 | 0.5.1 | NOTE | ||||
r-oldrel-windows-ix86+x86_64 | 0.5.1 | 24.00 | 8.00 | 32.00 | ERROR |
Version: 0.5.1
Check: package dependencies
Result: NOTE
Packages suggested but not available for checking:
'mimic.demo', 'eicu.demo'
Flavors: r-devel-linux-x86_64-debian-clang, r-devel-linux-x86_64-debian-gcc, r-devel-linux-x86_64-fedora-clang, r-devel-linux-x86_64-fedora-gcc, r-patched-linux-x86_64, r-release-linux-x86_64, r-release-macos-arm64, r-release-macos-x86_64, r-release-windows-x86_64, r-oldrel-macos-arm64, r-oldrel-macos-x86_64, r-oldrel-windows-ix86+x86_64
Version: 0.5.1
Check: whether the package can be loaded
Result: ERROR
Loading this package had a fatal error status code 1
Loading log:
Error: package or namespace load failed for 'ricu':
.onLoad failed in loadNamespace() for 'ricu', details:
call: ud_map_symbols(symbol, ut_unit)
error: Unit already maps to "h"
Execution halted
Flavor: r-devel-linux-x86_64-debian-clang
Version: 0.5.1
Check: dependencies in R code
Result: NOTE
Namespace in Imports field not imported from: ‘glue’
All declared Imports should be used.
Flavors: r-devel-linux-x86_64-fedora-clang, r-devel-linux-x86_64-fedora-gcc, r-release-macos-arm64, r-release-macos-x86_64, r-oldrel-macos-arm64, r-oldrel-macos-x86_64
Version: 0.5.1
Check: whether package can be installed
Result: ERROR
Installation failed.
Flavor: r-oldrel-windows-ix86+x86_64